9). Give z(s).
0
Let c(l) = 4*l**2 - l + 1. Let t(m) = 17*m**2 - 3*m + 4. Let j(y) = -9*c(y) + 2*t(y). Suppose 0 = -10*a - 25*a + 123 - 18. What is j(a)?
-10
Suppose 4*b - 6*b + 4 = 0, 3*o - 17 = -b. Suppose -4 = -3*s - 2*t, -4*t = -7 + 11. Suppose -o*p = s*y - 0*p + 7, -p - 1 = 0. Let g(n) = 5*n - 1. Give g(y).
-6
Let c(m) = m**3 - 18*m**2 - 17*m - 39. Let b = 8574 + -8555. What is c(b)?
-1
Suppose -130*u + 126*u - 16 = 0, 2*u - 37 = 5*s. Let q(z) = 9*z + 29. Determine q(s).
-52
Let z = -340 + 336. Let y(w) = -3*w - 4. Let a be y(z). Let p(j) = -j**3 + 7*j**2 + 10*j - 2. Determine p(a).
14
Let q(s) be the third derivative of s**4/12 - 19*s**3/3 - 4*s**2 - 8*s. Let j(m) = -m + 20. Let a(g) = -11*j(g) - 6*q(g). Calculate a(6).
2
Let w(a) be the second derivative of a**4/4 - 11*a**3/6 + 9*a**2/2 - a + 747. Give w(4).
13
Suppose -2*d - 28*a - 14 = -24*a, -2*a - 1 = 3*d. Let n = 1 + 1. Suppose n = x + d. Let b(k) = -7*k**3 + k**2 + k + 1. Give b(x).
8
Let l(m) = 2*m**3 - 3*m**2 + m - 1. Suppose 0*i - 3*i = -24. Let t be 20/i*46/(-5). Let d(c) = c + 25. Let f be d(t). Determine l(f).
5
Let f(m) = -m - 12. Let i be (-8648)/391 - (-3 + (-147)/(-51)). Give f(i).
10
Let u(x) = 99*x + 93*x + 28 - 295*x + 102*x. Calculate u(15).
13
Let d be (-2)/3*(-60)/140*-28. Let u(h) = -4*h - 15. Calculate u(d).
17
Let x = 6 + 0. Let i(y) = -4*y**2 - 3*y - 15. Let m(r) = 43*r**2 + 30*r + 162. Let k(c) = 32*i(c) + 3*m(c). Determine k(x).
6
Let y = -5 + 8. Suppose -y = 2*x - x. Let l(b) = -4*b**3 + 7*b**2 + b - 9. Let c(h) = 5*h**3 - 8*h**2 - 2*h + 11. Let r(n) = -5*c(n) - 6*l(n). Calculate r(x).
-4
Suppose 1339 - 3175 = -306*p. Let w(v) = 2*v + v - 4 + 1. What is w(p)?
15
Let c = 758 - 765. Let x(s) be the third derivative of s**6/120 + 7*s**5/60 - s**4/24 - s**3/6 - 8*s**2. Determine x(c).
6
Let c(z) = z - 4. Let f(b) = 4*b**2 + 1. Suppose m - 20 + 27 = 0. Let t = m + 8. Let p be f(t). Determine c(p).
1
Let g(y) = 599*y - 1277*y + 637*y - 36. What is g(-1)?
5
Let u(r) be the third derivative of r**6/120 + r**5/15 - 3*r**4/8 + 13*r**3/6 + 3983*r**2. What is u(-6)?
-5
Let o(h) = -38248*h + 20 + 9 + 11*h**2 + h**3 + 38280*h. Calculate o(-7).
1
Let z = 56 + -51. Suppose -5*m = 4*k - z, 2*k + 3*m + 1 = 4. Let f(s) = s - 3. What is f(k)?
-3
Let i(o) = 2 + 10 + 9 - 42*o - 26. Let s(l) = -413*l - 49. Let a(u) = -49*i(u) + 5*s(u). Let d be 1/(-2)*(-2)/1. Determine a(d).
-7
Let n(x) = x**3 - 9*x**2 - 3*x + 10. Suppose -2*v + 74 - 20 = 6*i, -37 = -4*i - v. Give n(i).
80
Let z be (-1 + 0)*(-126)/6. Let n = z - 20. Let t(l) = -l. Let i(s) = 3*s. Let g(o) = n*i(o) + 5*t(o). What is g(-1)?
2
Suppose -8 = -4*p - 0*p. Suppose -7 = -4*d + r, -2*d + 13 = 2*d + 5*r. Suppose -3*m = d*l + 7 + 9, -m - p*l = 8. Let g(o) = o**3 + 3*o**2 - o + 5. Give g(m).
-7
Let a(n) = -3*n**2 + 1. Let w(c) = -5*c**2 + 21*c - 19. Let t(x) = -a(x) + w(x). Calculate t(9).
7
Let c(f) = -2*f - 2. Let u(h) = 5*h - 6. Let t(x) = -31*x + 29. Let s(j) = -2*t(j) - 11*u(j). Let d(y) = -5*c(y) - s(y). Calculate d(1).
5
Let l(o) = -2*o**3 + 36*o**2 + 9*o - 17. Let a(h) = -3*h**3 + 45*h**2 + 9*h - 18. Let p(w) = -3*a(w) + 4*l(w). Calculate p(-8).
-22
Let f(n) be the second derivative of 5*n**3/6 - 123*n**2/2 - 2*n + 2529. Give f(23).
-8
Let z(g) = -118 - 117 - 9*g + 252. Give z(3).
-10
Suppose 3*r + 1327 - 1330 = 0. Let j(i) = 2*i**2 + 2*i - 1. What is j(r)?
3
Let a(q) = -q - 3 + 6*q - 4*q. Suppose 28*o = 1717 - 9. Suppose 0 = o*p - 66*p + 40. What is a(p)?
5
Let d(j) = j - 195. Let i(u) = -6*u + 1020. Let h(z) = -16*d(z) - 3*i(z). Determine h(-10).
40
Suppose -2*m - 3*d = 21, -5*d = 3*m - 4*m - 4. Let z(v) be the third derivative of v**4/24 + 17*v**3/6 + 30*v**2 - 15*v + 2. Give z(m).
8
Let a(n) = 2*n**2 - 4*n + 4 + n**3 + 2 + 2*n**2. Let s(m) = m**2 - 13*m - 155. Let h be s(-7). Let r be h*(-12)/36 + 10/(-1). Determine a(r).
1
Let l(t) = t - 1. Let y(j) = -40*j. Let x(z) = 3*l(z) - y(z). What is x(-2)?
-89
Let y(z) = 8*z - 23. Suppose -230*a = -73*a - 942. Determine y(a).
25
Suppose 5*r - 8*f = -5*f + 16301, 3*r + 2*f = 9792. Let b(z) = -38*z**3 + 2*z**2 + r - 3262 - z. Determine b(1).
-37
Suppose 0 = -4*m - 4*a + 8, 3*m - 14 = m + 3*a. Suppose 17 = 3*o - m. Let p(t) = -t**3 + 6*t**2 + 6*t + 2. Determine p(o).
-5
Let d = -868 - -1468. Suppose 31*k - d = -9*k. Let w(r) = r**3 - 15*r**2 - r + 14. Give w(k).
-1
Let l(k) = 116*k**2 + 15*k + 15. Let h(r) = 26*r**2 + 4*r + 4. Let s(n) = -9*h(n) + 2*l(n). Determine s(-1).
-2
Let m(q) be the third derivative of q**5/20 - q**4 - 10*q**3/3 - 159*q**2. Let n be m(9). Let a(y) = -2*y - 7. Give a(n).
-21
Let c = -7 - -3. Let l(w) = -2*w**3 - 27*w**2 - 14*w - 10. Let f be l(-13). Let z(t) = 6*t - 65 + 18*t**2 + 71 - t**f - 20*t**2. Calculate z(c).
14
Let z(f) = 13*f + 41*f + 13 - f**3 - 48*f + 4*f**2. Calculate z(6).
-23
Let t(j) = -17*j. Let x(w) = -3*w**2 - 222*w + 222. Let v be x(1). Calculate t(v).
51
Let g(o) = -3*o + 10. Suppose 0 = -5*x + j + 3*j + 325, 195 = 3*x + 4*j. Let d = 67 - x. Suppose -14 = -2*c - d*u, 34 = 4*c + u - 3*u. Give g(c).
-14
Let y(f) be the second derivative of -11*f**5/20 + f**4/4 + f**3/6 - f**2 - 376*f. Give y(-1).
11
Let o(b) = 10*b + 4949 + 6*b + 4946 - 9899. Calculate o(-1).
-20
Let m(c) be the third derivative of 7*c**5/30 + c**4/12 - c**3/3 - 726*c**2. What is m(1)?
14
Suppose 8 = -z - 4*x, 2*z - 5*z + 9 = x. Let s(k) = 2*k - 4. Suppose -27*b + 131 + 4 = 0. Let a(d) = -3*d + 8. Let h(r) = b*s(r) + 3*a(r). What is h(z)?
8
Let m(a) = 2*a**2 - 11*a + 6. Let l = -190 - -191. Suppose 3*x + c - 26 = 0, -x + 3*c + l - 9 = 0. What is m(x)?
27
Let k be (-363)/66*8/(-11). Let q = -10 - -19. Suppose k*z = q*z - 30. Let s(m) = m + 8. Determine s(z).
14
Let b(o) = 10 + 86*o**2 - 48*o**2 - 4*o - 39*o**2 - 4 + 4. What is b(-8)?
-22
Let h(c) be the third derivative of 4*c**2 - 7 + 1/24*c**4 + 0*c + 13/6*c**3. What is h(0)?
13
Suppose -10 - 46 = -8*w. Let r(l) = 0 + w*l + 0 - l**2 - 5 + 0*l**2. Calculate r(8).
-13
Let i(k) be the first derivative of 0*k + 1/60*k**5 + 17/360*k**6 + 0*k**2 + 1/24*k**4 - 31/3*k**3 - 9. Let o(c) be the third derivative of i(c). What is o(-1)?
16
Let f(k) = k**2 - 4*k + 8. Let c(h) = 66*h - 1449. Let i be c(22). Calculate f(i).
5
Let x(a) = -22*a**2 - 4*a - 15. Let c(g) = -12*g**2 - g - 1. Let i(q) = -2*c(q) + x(q). Calculate i(-5).
47
Let m(z) = -8*z - 10. Let f be 2*4/(-4)*(0 - -2). Calculate m(f).
22
Let m(r) be the first derivative of -r**4/4 - 7*r**3 - 12*r**2 - 84*r + 2637. Calculate m(-20).
-4
Let s(d) = -10*d - 16*d + 0 + 24*d - 4. Let f(b) = -44*b**3 + 2*b**2 + b. Let w be f(-1). Suppose w = -3*x + 4*p + 7, -4*x + 5*p - 49 = 0. Give s(x).
8
Let j = -2 - -10. Let p(m) = -15 + 16*m - 6*m + 8 + 7*m. Let b(i) = 11*i - 5. Let l(k) = j*b(k) - 5*p(k). Calculate l(5).
10
Suppose -3*i = -i - 12. Let l(z) = 6*z + 21*z**2 - 7*z - 6*z + 2 - 20*z**2. Calculate l(i).
-4
Let v be (3 + -9)*-3 + 2. Suppose -4*n = v, -3*n + 0*n - 25 = -5*h. Let y(z) = 66*z**3 - 138*z**3 + h*z**2 + 71*z**3 + 5 + 3*z. Calculate y(4).
-15
Suppose -4*h = 2*d - 222 + 184, 0 = 3*d - h - 22. Let k(i) = -i**3 + 9*i**2 - 5*i - 4. What is k(d)?
-49
Let g = -106 - 3. Let q = 110 + g. Let b(i) = -12*i**2 + 5*i + 1. Let t(s) = -11*s**2 + 6*s + 1. Let y(o) = 6*b(o) - 5*t(o). Determine y(q).
-16
Let s = 1 + -5. Let n(x) = x**2 - 14*x + 8. Let z(r) be the first derivative of r**3/3 - 13*r**2/2 + 7*r - 3110. Let k(d) = s*n(d) + 5*z(d). Give k(7).
-11
Suppose 0 = x + 4*x - 50. Let v(s) = -4 + 5 - s + x*s + 2*s. Suppose 6*r - 104 = -98. Calculate v(r).
12
Let n be (-1 - 1*-4) + 143 + -9. Let d = n - 143. Let f(c) = -c**2. Let z(o) = -o**2 + 5*o + 4. Let y(h) = -2*f(h) + z(h). Give y(d).
10
Suppose 9 = j, 0 = -309*v + 310*v - 5*j + 52. Let u(g) = 19*g**3 + 133*g**2 - 6. Give u(v).
-6
Suppose -v - 3 = 1. Let o(f) be the first derivative of -f**5/120 + 114*f**3 - 2*f + 433. Let z(d) be the third derivative of o(d). Give z(v).
4
Let m be 3*14/(-2)*(-3480)/2030. Let o(p) = -p**2 + 34*p + 62. What is o(m)?
-10
Let p = 5 - 3. Let h(l) be the second derivative of -l**5/20 + l**3/6 + 3*l**2/2 - 6*l - 117. Determine h(p).
-3
Let o = 766 - 774. Let z(q) = 18*q - 47. Let j(v) = 13*v - 31. Let g(f) = 7*j(f) - 5*z(f). What is g(o)?
10
Suppose 12*r - 9*r + 15 = 0. Let s be (4/(12/9) - 3) 